 - 4 = 3*v. What is the units digit of v?
3
Let u be -3 + (-28)/(-8) - (-98)/4. Suppose -54 = -d - 4*s + u, d - s - 79 = 0. What is the units digit of d?
9
Suppose -32 = 4*y - 40. Let z(v) = -21*v + 6. Let k be z(y). What is the tens digit of (2 - k) + 0 - 2?
3
Let y(l) = 335*l - 3187. What is the hundreds digit of y(47)?
5
Let d(g) = -335 + 54*g - 324 + 628. Let r be d(9). Let t = r - 290. What is the tens digit of t?
6
Suppose -3 = 3*h - 66. Let c = 23 - h. Suppose 5*y - 2*w - 421 = c*y, 5*y = w + 711. What is the tens digit of y?
4
What is the units digit of (-1 - (-1094)/(-10))/((-51)/850)?
0
Let n be 1*(0 + 3 - 3) - 1605. What is the units digit of n/(-5) + -3 + (-4 - 0)?
4
Let r(y) = 15*y + 90. Let l be r(-6). Suppose 4*c - 392 = -b, -10*b + 12*b + 5*c - 790 = l. What is the units digit of b?
0
Let x(v) = -v**3 + 25*v**2 + 27*v - 39. Let a be x(26). Let q(w) = -3*w**2 - 41*w + 31. What is the tens digit of q(a)?
5
Let y(a) = 7587*a**3 + 2*a**2 + 28*a - 57. What is the tens digit of y(2)?
0
Let y = -60 - -23. Let m = -33 - y. Suppose -k - 3*w + 113 = -80, -m = 4*w. What is the tens digit of k?
9
Suppose -p + 2 = 0, 2*p = 2*y + 7*p - 834. Suppose 0 = 12*f + 1180 + 2240. Let u = f + y. What is the hundreds digit of u?
1
Let t = -14207 - -23878. What is the hundreds digit of t?
6
Suppose -7*i + 3*i + 8*i = 0. Let o = 10 - 6. Suppose q = -3*g + 71, i*g = o*q - 2*g - 270. What is the tens digit of q?
6
Let b be (794 - 3)*-1 - -6. Let g = 1151 + b. What is the hundreds digit of g?
3
Let r(k) = -k**2 + 10*k - 9. Let p be r(9). Suppose -3*g + 5*b + 249 = p, -4*g - 5*b + 191 = -2*g. What is the tens digit of g?
8
Let h be (-2 - (-12)/5)*(19 - 14). Let q = 7 - h. Let f(n) = n**2 - 3*n + 22. What is the tens digit of f(q)?
3
Suppose -74*u = -76*u - 8. Let o(b) = 6*b**2 + 3*b + 15. Let k(q) = -q**3 - 25*q**2 - 13*q - 61. Let w(m) = 2*k(m) + 9*o(m). What is the hundreds digit of w(u)?
2
Suppose -63859 = -6*a + 5*p, 0 = 5*a - 6*p + 10*p - 53175. What is the hundreds digit of a?
6
Let k(a) = 8*a**3 + 5*a**2 + 3*a - 2. Let c be k(-2). Let o = 64 + c. Suppose o + 93 = r. What is the units digit of r?
5
Let j be 15/(6 + 0 - 5). Suppose -17*t + 8 = -j*t. Suppose 2*o - 4 = 0, -t*z + 2*o + 88 = -172. What is the units digit of z?
6
Let v = 246 - 252. What is the units digit of v/(120/(-85))*96?
8
Suppose -q + 471 - 1375 = -z, 3*q = -12. Suppose -o + z = 3*o. What is the units digit of o?
5
Let t(p) = 84*p**2 - 102*p - 19. Let y be t(8). Suppose -397 = 4*m - y. What is the hundreds digit of m?
0
Suppose -o = -z + 7, 3*o - 1 - 20 = -4*z. What is the hundreds digit of (76/z)/(-11 + 5789/525)?
4
Let f = -141 - -140. What is the units digit of -2*(f + 7/((-14)/296))?
8
Suppose 12*f = 9*f + 15. Suppose 17*z + 531 = 3*y + 20*z, -f*y + 5*z + 875 = 0. What is the tens digit of y?
7
Let m be 10257/(-65) - (-2)/(-10). Let u = m + 162. What is the units digit of u?
4
Let v be (5 + (-24)/6)*2. What is the tens digit of (v/(-8))/(1/(-908))?
2
Suppose l + 3*k - 55691 - 7371 = 0, 9 = -3*k. What is the units digit of l?
1
Let d(o) = -6*o + 14*o + 3 - 4*o + 10*o. Let r be d(-5). What is the units digit of ((-8)/(-2))/(2 - (-132)/r)?
4
Let q(l) = 2*l**2 + 4*l - 8. Let t(j) = -2*j + 10. Let v be t(7). Let y be q(v). Let p(b) = 2*b**2 - 11*b + 16. What is the units digit of p(y)?
6
Let q be (-2260)/(-6) - (-9)/27. Suppose -5*x - 17 = -q. Suppose 20*p = 16*p + x. What is the tens digit of p?
1
Let d(g) = 7 - 6 + 39 + 40*g. What is the tens digit of d(8)?
6
Let a be 5/(-4) + (218/8 - 0). What is the hundreds digit of 275 + 1 - (a/(-2) + 9)?
2
Suppose -3*r - c = 4*c + 10, 0 = -3*r - 4*c - 5. Suppose 4*n + 841 = r*z, 9*z = 6*z + 2*n + 503. What is the tens digit of z?
6
Suppose -12 + 22 = 5*m. What is the tens digit of 4/22 - ((-4806)/66 + m)?
7
Let o = -42551 - -63736. What is the ten thousands digit of o?
2
What is the units digit of ((-3)/6 - 13683/(-4)) + 12/(-48)?
0
Suppose -64*a = -62*a - 11172. What is the thousands digit of a?
5
Let u = -19 - -21. Suppose -4*i + 306 = 2*f, 151 = 3*i - 2*f - 61. Suppose u*o + 24 = 4*z - 290, z = -o + i. What is the tens digit of z?
7
Suppose -8*y + 2*y = -30. Suppose 0 = -4*c + y*n - 0*n - 266, 4*n = -2*c - 120. Let l = c + 78. What is the tens digit of l?
1
Let c = -83966 + 125495. What is the thousands digit of c?
1
Suppose -13*z - 48 = -17*z. Suppose -z*h + 282 = -666. Suppose 5*t + 5*g - 365 = 0, h = t - 5*g - 18. What is the tens digit of t?
7
Suppose 3 = -2*w + 11. Let r be 7047/15 + (-23)/(-115). What is the tens digit of 4/(r/115 - w)?
4
Let a(w) = -w**3 - 60*w**2 + 149*w - 229. What is the tens digit of a(-66)?
7
Let p(m) = -169*m**3 + 14*m**2 + 80*m + 25. What is the units digit of p(-6)?
3
Suppose 7*k - 3*q - 25 = 2*k, 0 = -2*k - 2*q + 10. Suppose 127*m = 128*m - k. Suppose 2*p - 208 = -m*x, -p + x = 4 - 122. What is the hundreds digit of p?
1
What is the thousands digit of ((53082/(-10))/(-9))/(556/(-140) + 4)?
0
Let x = 10687 + -408. What is the tens digit of x?
7
Suppose 5*y + 87648 = 3*j, -5*y + 32 = 2. What is the ten thousands digit of j?
2
Suppose 3161*z = 3160*z - 4*a + 51155, 3*z - 4*a = 153321. What is the tens digit of z?
1
Suppose -y = b - 649, 3*b + 114*y - 117*y - 1953 = 0. What is the hundreds digit of b?
6
Let g(n) = -n**3 - 35*n**2 - 32*n - 231. What is the hundreds digit of g(-40)?
0
Suppose 0 = -48*o + 205328 + 1300052 - 34516. What is the thousands digit of o?
0
Suppose 4 = l + 8, -4*t - 4*l = 4. Let k = 70 - t. Let u = k - -50. What is the hundreds digit of u?
1
Let l = 23122 + -11686. What is the tens digit of l?
3
Suppose 0 = 16*h - 13*h - 1152. Suppose 0 = 4*k + 36 - h. Suppose 84 + k = i - x, 2*x = -6. What is the tens digit of i?
6
Suppose -3*d - 5*u = 1 - 2, -2*d + 2*u = 26. Let l(r) = 4*r**2 - 51*r - 14. What is the units digit of l(d)?
0
Suppose 4627 + 2029 = 4*r. Suppose 27*w - r = 25*w. What is the hundreds digit of w?
8
Let l(u) be the second derivative of u**5/4 + u**4/4 + 5*u**3/6 - 7*u**2/2 - 41*u. Let t be l(3). Let g = t - 135. What is the tens digit of g?
3
Suppose 30 = 5*x + 4*m, 4*m + 6 = 5*x - 24. Suppose -x*i - 736 = -4*u - i, -368 = -2*u - 2*i. What is the hundreds digit of u?
1
Suppose 0 = -2*g - 2*d + 62378, 523*d - 526*d + 6 = 0. What is the units digit of g?
7
Suppose 34*d - 42*d = -4*w + 290752, -2*w + 145412 = 2*d. What is the hundreds digit of w?
7
Let v = 15644 - 7354. What is the units digit of v?
0
Let o(m) = -2*m - 23. Let t be o(-13). Suppose -y + 52 = 5*n, t*y - 51 - 118 = -2*n. What is the units digit of y - (65/(-25) - 3/(-5))?
9
Let g be (2 - (-2)/(-3))/((-3)/(-27)). Suppose g*q = -4*q + 7792. What is the units digit of q?
7
Suppose -g = -2*g - 3*k - 14, -12 = 3*k. Let j(c) be the third derivative of -11*c**4/12 - 11*c**3/6 - c**2. What is the tens digit of j(g)?
3
Suppose 2*p + 360 = 5*c + 1448, 0 = p - 4. What is the hundreds digit of ((c/15)/6)/((-3)/580)?
4
Let i(j) = -5*j**2 - 284*j + 164. What is the hundreds digit of i(-41)?
4
Suppose -27510 - 145079 = -110*r + 77991. What is the tens digit of r?
7
Let s(o) = 5*o**2 - 8*o - 9. Let a(i) = -9*i - 1. Let h be a(0). Let l be s(h). Suppose -337 = -l*v + 751. What is the tens digit of v?
7
Let x(a) = a + 15. Let j be x(-6). Let c = 88 - j. What is the units digit of c?
9
Suppose 3*i + 5*h = 27963, 3*h = -40*i + 42*i - 18661. What is the units digit of i?
6
Let k be 3695/25 - (-1)/5. Suppose -252 = -2*r + 3*m, 7*r - k = 6*r - 4*m. What is the hundreds digit of r?
1
Suppose -5*b + 4 = -4*y, 5*b = y - 4*y + 32. Let g be (3 - b)/(3 + 2 + -4). What is the units digit of (4/20)/g + 26/5?
5
Let j = -1058 - -717. What is the hundreds digit of j/(-3) + 12/36?
1
Let w(g) be the first derivative of -g**4/4 + 26*g**3/3 + 25*g**2/2 + 74*g + 4. What is the units digit of w(27)?
0
Suppose 0 = -98*w + 127832 + 69540. What is the tens digit of w?
1
Let g = 8068 - 2665. What is the tens digit of g?
0
Let q be ((-40)/15)/(22/(-33)). Suppose -q*k = -3*p - 3819 - 546, -2193 = -2*k + 5*p. What is the hundreds digit of k?
0
Suppose 0 = -4*a - 2*p - 26, -3*a - 17 = -p + 3*p. Let t be 3 + -8 - -1 - a. Suppose -t*l = -4*c - 413 - 862, -4*c = 0. What is the units digit of l?
5
Suppose 5*v + 53413 = 4*x, -4*v + 28277 = -5*x + 95032. What is the t